 = 4868 - 4134. Calculate the remainder when i is divided by 147.
146
Suppose -8969 = -21*g + 29461. What is the remainder when g is divided by 131?
127
Suppose -971 = -5*j - 2*y, 774 = -20*j + 24*j + 3*y. Calculate the remainder when 411 is divided by j.
21
Let h = 408 + -387. Suppose -3*x - 146 = 5*s, 0 = -2*x + 5*s - 65 - 24. Let k = x + 107. Calculate the remainder when k is divided by h.
18
Let q(n) = 2*n - 14. Let p be q(10). Suppose -12*d = -219 - 333. What is the remainder when 1100/p - (-6)/(-18) is divided by d?
45
Suppose 0 = -6*q + 41*q. Suppose 0*d + 27*d - 675 = q. What is the remainder when 774 is divided by d?
24
Let o be -123*(5/3 + -2). Suppose t - h = 32, 6*t = 3*t - h + 116. Suppose -o*p + 148 = -t*p. Calculate the remainder when 109 is divided by p.
35
Let j(k) = 3*k**2 + 18*k + 8. Suppose -1022 = y - 8*y. Suppose 9*o + 56 - y = 0. What is the remainder when j(-7) is divided by o?
9
Let o(d) = -2*d**2 + 39*d - 26. Let f be o(19). Let l(b) = -b**3 - 8*b**2 - 19*b - 6. Calculate the remainder when l(f) is divided by 17.
10
Suppose -1051 = 160*h - 3451. Calculate the remainder when 157 is divided by h.
7
Suppose -6*b + 244 = 76. Let k = b + -30. What is the remainder when k + 3 - (-2 + 40/(-2)) is divided by 8?
7
Let k = 47 - 37. Let c be (-6)/9 + 40/6. Suppose c*s = 5*h + 2*s - 89, s = -1. Calculate the remainder when h is divided by k.
7
Let i = -3994 + 4547. Calculate the remainder when i is divided by 184.
1
Let n = 175 + -169. Suppose n*m + 24 = 204. What is the remainder when m is divided by 13?
4
Let o be (-1 - 1062/(-27))*(3 + 0). Suppose -4*d - o = -3*r, 4*d - 6*d = -r + 35. What is the remainder when r is divided by 21?
3
Suppose -34*p + 2731 = -2029. Calculate the remainder when p is divided by 64.
12
Let s(w) = -w**2 - 18*w + 42. Let q(x) = -60*x + 21. What is the remainder when q(-5) is divided by s(-19)?
22
Let c be (10/30)/((-2)/18) + -2. Let l be (-3)/(-5) - (-3)/c. Suppose 4*o - 212 + 28 = l. What is the remainder when o is divided by 12?
10
Suppose q = 4*q - 3*w - 93, 3*q - w = 101. Let i(v) = v**3 + 6*v**2 - 6*v + 4. Calculate the remainder when i(-5) is divided by q.
24
Let p be 12/(-8) - (3/(-2) - 3). Suppose 69 = 4*b - 2*k - 181, p*b - 220 = -5*k. Let f = 70 - b. What is the remainder when 24 is divided by f?
4
Let p(h) = -5*h + 141. Calculate the remainder when p(-53) is divided by 129.
19
Suppose 3*j - 320 = -287. Suppose -j*y + 207 = -2*y. Calculate the remainder when 111 is divided by y.
19
Let s be (-1480)/(-15) + (-14)/21. Suppose s = 5*c - 32. What is the remainder when c is divided by 18?
8
Suppose 2408 = 70*x - 392. Suppose -s + 21 = -y, 3*s + 9 = -3*y - 48. Let l = x + y. Calculate the remainder when l is divided by 11.
9
Let w = 3758 + -2629. What is the remainder when w is divided by 54?
49
Suppose -l = l - 72. Suppose -l = -5*q + 3*q. Suppose 13 = -g - z + 87, 0 = 3*z - 15. What is the remainder when g is divided by q?
15
Let x be (-2)/((-4)/(-2) + -6)*-4. Suppose 2*i = -0*i + 3*w + 13, i - 2*w - 6 = 0. Calculate the remainder when i/x*132/(-24) is divided by 13.
9
Suppose 1950*k = 1953*k + 9, 0 = 5*y + 5*k - 465. What is the remainder when 487 is divided by y?
7
Let h(a) = 7*a**2 + 23*a + 27. Let t(g) = g**2 + g - 1. Let p(s) = h(s) - 6*t(s). Suppose 3*c + 48 + 9 = 0. What is the remainder when p(c) is divided by 25?
21
Suppose -4*r + 604 = -137*q + 133*q, -749 = -5*r + 4*q. What is the remainder when 529 is divided by r?
94
Let z(m) = 29*m**2 + m - 1. Let o(h) = 6*h**2 - 79*h + 12. Let g be o(13). What is the remainder when 42 is divided by z(g)?
15
Let m be (6/4)/(2/(888/18)). Suppose 22*c + m = 125. What is the remainder when 24 is divided by c?
0
Suppose l + 506 = -4*n, -3 = -2*l - 7. Let y = n + 161. Calculate the remainder when y is divided by 16.
3
Let t = -7 + 41. Let l(k) = -3 - t + 37*k - 42*k. Calculate the remainder when l(-14) is divided by 7.
5
Let x be 2*4 - (7 + -2 + -10). Suppose x + 139 = 2*i. Calculate the remainder when i is divided by 21.
13
Suppose -89*c + 5713 = -1228539. Calculate the remainder when c is divided by 97.
94
Suppose -3*r = 3*f - 114, -2*r + 78 = 2*f + 2*f. Suppose -279 = -3*s - 5*t, -2*t + 57 = s - 36. What is the remainder when s is divided by r?
19
Calculate the remainder when 1430 is divided by (-16)/(1936/(-4103)) + (-63)/33 + 2.
2
Let s = -10536 - -10541. Let i = -37 + 64. Suppose -4*v = -v - i. What is the remainder when v is divided by s?
4
Let h(m) = -72*m - 1208. What is the remainder when 237 is divided by h(-20)?
5
Let m(t) be the first derivative of t**4/4 + 2*t**3/3 - t**2 - 3*t - 127. Calculate the remainder when 21 is divided by m(-2).
0
Suppose 7659 = -193*g + 304*g. What is the remainder when 367 is divided by g?
22
Let v = -214 - -213. Let t(i) = -168*i. Let h(n) = n. Let j(o) = -4*h(o) + t(o). Calculate the remainder when j(v) is divided by 29.
27
Let i(w) = w**2 + 132*w + 2043. Calculate the remainder when 1139 is divided by i(-17).
83
Let m(q) = q**2 - 2*q - 25. Suppose 0 = -9*d - 8*d - 85. Calculate the remainder when 23 is divided by m(d).
3
Suppose -14 = h + 4. Calculate the remainder when h*102/(-24)*10 is divided by 16.
13
Suppose 3*n + 199 - 52 = 0. Let q = n + 48. What is the remainder when 19 + q - 2 - -3 is divided by 2?
1
Suppose 4*q - 117 = 83. Suppose 0 = -12*a + 70 - 46. Suppose 34 = 2*h + a*p, 12*p - 23 = -3*h + 16*p. What is the remainder when q is divided by h?
11
Let a(r) = -r**3 + 9*r**2 - 30*r + 272. What is the remainder when a(7) is divided by 28?
20
Suppose -5*b - 5*a = -6*a + 4, 5*b + 4*a - 16 = 0. Calculate the remainder when 79 is divided by (-91 - -69)/(b + -1).
13
Let x = -95 + 146. Suppose 0 = -20*o + 9507 - 9287. Calculate the remainder when x is divided by o.
7
Let d = -1373 + 2326. What is the remainder when d is divided by 315?
8
Suppose 522*t - 781 = 511*t. What is the remainder when 989 is divided by t?
66
Let v be (-1592)/10 - 76/95. Suppose -z - 5 = -0, -3*z - 660 = -5*u. What is the remainder when u is divided by (v/3)/(-2) - 58/(-174)?
21
What is the remainder when ((-1656)/120)/((-15)/1225) is divided by 21?
14
Let i(r) = -61*r. Suppose 568 = -4*b + 584. What is the remainder when i(-1) is divided by b?
1
Let g be 1*-1*(-20 + 15). Suppose -k = -g - 1. Let q(f) = f**3 - 6*f**2 + 2*f + 4. Calculate the remainder when 57 is divided by q(k).
9
Let p(s) = -6*s - 131. What is the remainder when 448 is divided by p(-25)?
11
Suppose -5 = -f + 3*a - 4*a, 3*a = 5*f - 17. Let l = 630 + -638. Calculate the remainder when (3 + 26/l)/(1/(-40)) is divided by f.
2
Suppose 74*o = -644 + 10708. Calculate the remainder when o is divided by 35.
31
Suppose -r - 2*r + 14705 = 14*r. What is the remainder when r is divided by 107?
9
Suppose -12 = 13*g - 7*g. Let l = -6 - g. What is the remainder when l/(-10) - 1197/(-45) is divided by 15?
12
Suppose 3*n = 5*f + 31, 8*f + 26 = 3*n + 4*f. Suppose -9*g + 12*g - 2*y - n = 0, -y = -5. What is the remainder when 12 is divided by g?
0
Calculate the remainder when 85 is divided by (4/8)/((-2616)/(-1296) - (-2)/(-1)).
4
Let k(t) = t**2 - 58*t + 92. What is the remainder when k(-6) is divided by 472?
4
What is the remainder when (-28 - (-16038)/27) + 0 + 3 is divided by 105?
44
What is the remainder when ((-78039)/(-58))/(((-3)/(-8))/(129/172)) is divided by 336?
3
Let r = 91 - 89. Suppose r*k + 5*s - 24 = 0, 6*k = 3*k + 4*s + 82. What is the remainder when k is divided by 6?
4
Let o = -108 - -60. Let g = o + 50. Suppose -2*m + 4*a + 328 = 0, -9*m - g*a + 626 = -5*m. What is the remainder when m is divided by 32?
30
Let u(k) = -k**3 + 4*k**2 + 4*k + 2. Let p be u(5). Let t be (2 + 3/p)*-53. Let y = t - -55. Calculate the remainder when 5 is divided by y.
1
Let s = -8299 - -8838. What is the remainder when 1091 is divided by s?
13
Let c = -306 + 29. Calculate the remainder when c/(-2) - ((-152)/16 - -9) is divided by 5.
4
Let i(s) = -21*s - 24. Suppose -3*o - 5 = g, -4*g - 2*o = 8 + 2. Calculate the remainder when 194 is divided by i(g).
14
Suppose 438 = 52*q - 394. Calculate the remainder when 60 is divided by q.
12
Suppose 6*p - 42 = 78. Calculate the remainder when 5/p - 439/(-4) is divided by (-4)/(-3 + (-371)/(-133)).
15
Let i = 64 + -171. Let s = 118 + i. Suppose -3 =